4 (base 6) in base 10?
-3708010
Convert -2bc23 (base 14) to base 7.
-633643
Convert 54883a (base 11) to base 8.
3255726
-214140 (base 9) to base 10
-127692
What is -103564 (base 7) in base 16?
-46cf
What is -1030122003 (base 4) in base 13?
-ac5b1
What is 4777266 (base 8) in base 13?
36b5a3
Convert 10001331 (base 5) to base 2.
10011001000000101
122403133 (base 5) to base 13
17903b
What is 1baa6 (base 16) in base 2?
11011101010100110
Convert -21371b (base 13) to base 9.
-1416454
a2623 (base 11) to base 3
21121112000
What is -ce123 (base 16) in base 7?
-10113560
What is 2002002121 (base 3) in base 11?
287a7
Convert 602353 (base 14) to base 7.
36323633
100000001010010011001 (base 2) to base 15
15c3b9
What is -20101222 (base 5) in base 6?
-3230414
6a587 (base 14) to base 8
771733
-246851 (base 11) to base 5
-44432201
Convert 5bac31 (base 14) to base 16.
2fef9b
What is -eb1 (base 16) in base 5?
-110021
2102010110100 (base 3) to base 12
519a23
222202002001202 (base 3) to base 9
28662052
-830386 (base 9) to base 16
-7836c
Convert 3936570 (base 10) to base 13.
a7aa41
Convert 1223420 (base 5) to base 11.
16814
What is -16231b (base 12) in base 13?
-102893
-305343 (base 8) to base 2
-11000101011100011
Convert 104417 (base 10) to base 14.
2a0a5
Convert -18216673 (base 10) to base 15.
-18ec7ed
What is 312086 (base 10) in base 3?
120212002202
What is 2657353 (base 10) in base 11?
1555566
What is -32512 (base 8) in base 6?
-143054
What is 2022123313 (base 4) in base 15?
b3021
What is -212022320 (base 4) in base 7?
-1220546
56ac1 (base 15) to base 11
179243
Convert 31010331 (base 4) to base 13.
1b4c5
What is -3015152 (base 6) in base 2?
-100010110001001100
What is -35352250 (base 6) in base 3?
-2002001121210
What is -2523424 (base 7) in base 16?
-4f702
Convert -344023521 (base 6) to base 14.
-bb390d
-612341 (base 7) to base 16
-196a9
1110103031 (base 4) to base 8
1242315
b908e (base 16) to base 14
15a2bc
17481 (base 13) to base 14
12425
3658678 (base 9) to base 8
7452343
-44ba5 (base 12) to base 3
-11122121022
What is 1110100000011110001 (base 2) in base 7?
4016640
Convert -272127 (base 13) to base 9.
-1703163
What is 10100001010010111 (base 2) in base 14?
2214b
What is 25a9028 (base 11) in base 14?
8545c0
What is 12b8bd9 (base 14) in base 2?
100010100001111110011011
Convert -4809367 (base 10) to base 14.
-8d2983
What is cc419 (base 16) in base 9?
1514572
Convert -214502135 (base 6) to base 12.
-136494b
Convert 112032212330 (base 4) to base 6.
324520512
-13b3b3 (base 12) to base 2
-1010000101101110111
What is -14231224 (base 5) in base 9?
-246267
What is -2101000122111 (base 3) in base 6?
-43002104
What is -12919a (base 16) in base 3?
-2021211022012
Convert -221783 (base 9) to base 13.
-48474
What is 6661b (base 15) in base 6?
10550212
Convert -110000021022 (base 3) to base 2.
-111001101101101001
What is 20415133 (base 6) in base 9?
1104003
Convert 2401320011 (base 5) to base 2.
10100111101100011011110
What is -1432020132 (base 5) in base 11?
-2153975
113a46 (base 11) to base 12
88869
What is -5015402 (base 7) in base 11?
-375220
Convert 221100202202 (base 3) to base 7.
4146245
Convert -101000100110110110 (base 2) to base 8.
-504666
210130323 (base 4) to base 13
52c62
Convert -4c987 (base 14) to base 4.
-232000323
What is a2599 (base 13) in base 7?
2321216
What is 32328 (base 15) in base 12?
78262
Convert 1101101011001111010 (base 2) to base 14.
b944a
20873 (base 15) to base 5
11300113
Convert 96d88 (base 15) to base 14.
c6772
3a86673 (base 11) to base 16
6b9769
Convert 466839 (base 10) to base 15.
934c9
What is -61556623 (base 7) in base 6?
-302312244
Convert -6375 (base 16) to base 3.
-1021221000
What is -3043030 (base 6) in base 8?
-434632
Convert 3042312 (base 5) to base 3.
2112012000
5c6b7c (base 15) to base 3
22022221000000
What is 147377a (base 14) in base 9?
20658722
What is 87710 (base 11) in base 6?
2421211
-87236 (base 10) to base 9
-142588
Convert -342546 (base 8) to base 16.
-1c566
What is -310668 (base 11) in base 3?
-221022221110
Convert 1965482 (base 10) to base 15.
28c572
What is 2103640 (base 8) in base 14?
107a12
What is -1001111111011100110000 (base 2) in base 16?
-27f730
What is 30510234 (base 6) in base 5?
211130303
1047236 (base 8) to base 12
117426
What is 76a5d8 (base 14) in base 15?
5473d4
-221211110020 (base 3) to base 14
-d3415
What is -256295 (base 12) in base 13?
-1857c8
-110031302 (base 4) to base 2
-10100001101110010
What is 10121012221212 (base 3) in base 13?
520007
440080 (base 12) to base 11
677215
What is -1056767 (base 8) in base 15?
-59bee
Convert 2410124 (base 6) to base 12.
60944
What is -4452610 (base 7) in base 6?
-15450024
Convert 88740 (base 12) to base 14.
49c40
What is -a13223 (base 12) in base 2?
-1001100101111001111011
Convert -216c63 (base 13) to base 7.
-6453552
What is 2054410 (base 8) in base 5?
120001310
-648410 (base 14) to base 9
-6356468
What is -32355616 (base 7) in base 10?
-2770375
Convert 1c5ed0 (base 16) to base 3.
10111110110020
What is 22023013 (base 4) in base 12?
20147
-2044114 (base 8) to base 3
-1000120120120
2db9d4 (base 16) to base 14
580136
What is -1012212202012 (base 3) in base 7?
-5333534
What is -244975 (base 11) in base 9?
-650068
Convert 1026924 (base 10) to base 4.
3322231230
-11000002210122 (base 3) to base 4
-20013132332
Convert 16073c6 (base 13) to base 16.
6be397
Convert 141512 (base 9) to base 2.
10101000110100110
-3e01d (base 15) to base 6
-4134001
What is 14040133 (base 5) in base 10?
143168
Convert 220221121001102 (base 3) to base 7.
220460054
What is -3066613 (base 7) in base 15?
-7482a
What is -2110002211 (base 3) in base 11?
-3322a
What is 216672 (base 9) in base 11?
893a4
Convert -11022121022 (base 3) to base 4.
-110300030
Convert 1210212220 (base 3) to base 15.
a85c
What is -b9e83 (base 15) in base 5?
-122344043
Convert 10111110010011001111 (base 2) to base 7.
6424340
What is -22202210201112 (base 3) in base 6?
-243522452
500659 (base 10) to base 8
1721663
What is -331320022 (base 4) in base 7?
-2103631
Convert -128661 (base 9) to base 16.
-132d0
21b391 (base 12) to base 5
114203244
What is -2323212002 (base 4) in base 7?
-6350123
-1633093 (base 10) to base 15
-223d2d
2133233202 (base 4) to base 8
2375742
40a286 (base 11) to base 12
27884a
Convert 22000043 (base 5) to base 12.
9062b
412a78 (base 11) to base 9
1220166
-10229482 (base 10) to base 8
-47013352
Convert 459b46 (base 12) to base 2.
100010000100000100110
Convert 20555442 (base 6) to base 13.
183086
555225 (base 9) to base 14
88d3a
Convert -7203072 (base 9) to base 11.
-2193417
Convert 313b54 (base 13) to base 7.
12532365
Convert -4512344 (base 7) to base 10.
-557897
-134635 (base 12) to base 2
-1001101110110001001
301414332 (base 5) to base 12
49b195
What is 110064336 (base 7) in base 3?
110102112101120
What is -11b8a4 (base 12) in base 6?
-10113524
Convert -1011010111001111101010 (base 2) to base 12.
-bb7a0a
Convert -2407873 (base 11) to base 9.
-7807131
-666750 (base 12) to base 4
-12031222230
What is -24302320 (base 6) in base 14?
-160a6c
-701475 (base 10) to base 15
-dcca0
What is 3211133 (base 5) in base 6?
1053342
Convert -20456636 (base 7) to base 15.
-242318
Convert 212212311132 (base 4) to base 6.
1000530210
Convert -10330302212 (base 4) to base 8.
-4746246
Convert -2121012112212 (base 3) to base 5.
-323204411
310401 (base 9) to base 5
21342113
-40672 (base 10) to base 4
-21323200
What is -1522565 (base 9) in base 3?
-1120202122012
-200322210 (base 4) to base 3
-20211221100
What is -3248492 (base 10) in base 16?
-31916c
Convert 120331223331 (base 4) to base 11.
376a775
518085 (base 10) to base 6
15034313
What is -a3b260 (base 12) in base 10?
-2569896
What is 14304 (base 8) in base 14?
244c
Convert -1773a9c (base 13) to base 11.
-434475a
What is 122121310 (base 4) in base 3?
12111100111
-1685181 (base 10) to base 12
-693279
Convert -23100233303 (base 4) to base 8.
-13205763
7b42b (base 12) to base 13
59cc9
What is 297cb1 (base 13) in base 8?
3702542
What is 7b800 (base 13) in base 8?
670246
-11501241 (base 6) to base 11
-22a902
151251553 (base 6) to base 12
1079bb9
Convert 49a553 (base 12) to base 8.
4447617
Convert 4530255 (base 7) to base 10.
561972
Convert -45264504 (base 7) to base 13.
-a78980
C